1024))/((-1)/6))/((-4)/(-32)) is divided by 3/(-2)*(-20)/6.
3
Suppose -522 = -3*r + 4*y, 0 = -2*r - 2*y - y + 331. Let c = -365 + 418. Calculate the remainder when r is divided by c.
11
Let g(x) = x**2 + 66*x + 52. What is the remainder when 1089 is divided by g(-66)?
49
Suppose -3*d - j + 100 = -3*j, d - j = 34. Let g(l) = -2*l**3 - 100*l**2 - 366*l + 137. What is the remainder when g(-46) is divided by d?
13
Let q(x) = 210 - 13*x + 6*x + 11*x. Calculate the remainder when q(-35) is divided by 4.
2
Let j(s) = -2*s**3 + 37*s**2 + 25*s + 37. Calculate the remainder when j(19) is divided by (-304)/(-12)*(36/8 - 3).
37
Let b = -404 - -440. Let j(s) = -62*s**3 + 2*s**2 + s. Calculate the remainder when j(-1) is divided by b.
27
Suppose 0 = -4*i + 2*n + 666, -5*i - 187*n + 855 = -182*n. What is the remainder when 679 is divided by i?
7
Suppose -4*x = 5 - 1, 3*q + 3*x + 15 = 0. Let d(a) = 3*a - 15. Let n be d(q). Let o = n + 57. Calculate the remainder when o is divided by 16.
14
Let p be (20 + -16)*23/4. Let a be (3 + p - -4)/(9/12). Suppose -3*y + k = -31, 4*y + 2*k - a = 3*k. Calculate the remainder when 17 is divided by y.
8
Suppose -28*k = -31*k + 390. Suppose -9*c - c = -k. What is the remainder when 99 is divided by c?
8
Let g = -1418 - -2502. Let x = g - 963. What is the remainder when x is divided by 111?
10
Let z be -13 - 81/(-9) - 4. Let x(n) = 6*n**2 + 12*n - 33. What is the remainder when x(z) is divided by (-86)/(1 - 1 - 2)?
40
Suppose 0 = 3*q - 6*q + 3, 0 = -5*t + q + 3824. Calculate the remainder when t is divided by 15.
0
Let y = -34 - -47. Let b(q) = -q**2 - 31*q - 145. Let x be b(-25). Calculate the remainder when 1*141*x*6/90 is divided by y.
8
Let s = -4032 - -5087. What is the remainder when s is divided by 24?
23
Suppose 7*w = -59 + 234. Calculate the remainder when ((-108)/(-30) + -1)*w is divided by 20.
5
Suppose -2 - 2 = 4*y - 3*n, -3*n + 10 = -y. Suppose y*z - 6*z = -80. Let p(a) = a**2 + 65*a - 197. Calculate the remainder when p(-69) is divided by z.
19
Suppose -3*h = -9*h - 60. What is the remainder when ((-3)/12)/((-1)/68) is divided by 2/((5 - 6) + (-14)/h)?
2
Let b = -16 + 55. Let r be (1 + -1)*-4*(-5)/40. Suppose r = -8*g + 343 + 273. Calculate the remainder when g is divided by b.
38
Let z = -1947 - -2387. What is the remainder when z is divided by 98?
48
Let x = 42 + 23. Let p(j) = -j**3 + j**2 + j + 52. Let n be p(0). Suppose -4*l - n = 3*o - 134, 76 = 3*o - 2*l. Calculate the remainder when x is divided by o.
13
Let j(i) = 95*i - 18. Let u be j(1). Suppose 3*p - u - 64 = -3*l, -2*l = -p - 97. What is the remainder when 156 is divided by l?
12
Suppose 0*k + 3*k = 5*u + 372, 5*k = 4*u + 594. What is the remainder when 6267 is divided by k?
111
Suppose -5*a + 2*n = -2045, 4*a - 4*n = -0*n + 1636. Suppose -2*y + 2*i = -160, 2*y + 4*i = -3*y + a. Calculate the remainder when 236 is divided by y.
74
Suppose -331*l + 3990 = 8*l - 9909. What is the remainder when 367 is divided by l?
39
Let i(g) = -8*g + 319. Let j = 644 - 278. Calculate the remainder when j is divided by i(37).
21
Let q(j) = -j**3 + j**2 + 8*j + 4. Let c be q(-3). Suppose -24*b + 25*b - c = 0. What is the remainder when 189 is divided by b?
13
Let d be -3 + (-3 - (0 - 12)). Suppose -d*z + 142 + 248 = 0. Calculate the remainder when 973 is divided by z.
63
Let h be 92/6 - 13/39. Let l = 30 - -5. Calculate the remainder when ((-5)/h)/((-3)/1557) is divided by l.
33
Suppose b + 1 = 25. Let y = -20 + 86. Suppose -5*o = 4*g - y, -4*g + 0*o + o = -54. Calculate the remainder when b is divided by g.
10
Suppose 2*m - 26 = 10. Suppose -s + 9 = -m. What is the remainder when ((-9775)/13685)/((-2)/224) is divided by s?
26
Calculate the remainder when -11*(-243)/(-297) - -1*1697 is divided by 345.
308
Let o = 152 - 127. Suppose -5*u + 0 + 15 = 0, -4*t = 3*u - 25. Suppose -n - 2*n = b - 143, -227 = -5*n + t*b. What is the remainder when n is divided by o?
22
Suppose 0 = -2*j - 8, 0*j = -5*f - 4*j - 1. Suppose f*z - 2*n = 239, n = -0*n - 1. What is the remainder when 156 is divided by z?
77
Suppose 0 = -g - 0*g - 209. Let n be -22*(5 + -19) - (7 + -3). Let d = n + g. Calculate the remainder when d is divided by 11.
7
Let n(c) = -17*c**2 - 95*c - 12. Let p(t) = -4*t**2 - 24*t - 3. Let x(i) = 2*n(i) - 9*p(i). Calculate the remainder when 31 is divided by x(-13).
1
Suppose 0 = -2*j + 3*w + 184, -2*w - 2 - 2 = 0. Calculate the remainder when 1238 is divided by j.
81
What is the remainder when (-115)/460 + 2586/8 is divided by 69?
47
Let p(v) = -14*v + 341. What is the remainder when p(18) is divided by ((-62)/8)/(1/(-4))?
27
Let u = -556790 - -556843. Suppose -39 = -2*k + 55. Calculate the remainder when u is divided by k.
6
Let j(l) = -l**2 + 47*l + 24. Calculate the remainder when 100 is divided by j(47).
4
Let f(n) = -n**2 + 18*n - 62. Let q be f(5). Suppose q*t + 53 = 1505. What is the remainder when t is divided by 18?
16
Let z be ((-46809)/105)/(3/(-5)). Let q = z + -488. What is the remainder when q is divided by ((-2 + 45)*2)/2?
40
Suppose -29 = -a + 5*f + 1, -5*a = f - 124. Calculate the remainder when 352 + -15*(-32)/(-80) is divided by a.
21
Suppose -3*z + 21 = w, -w - 3*z = -4*z - 1. Suppose -10*m + w*m + 16 = 0, 220 = 4*p - 4*m. Calculate the remainder when p is divided by 32.
27
Let t = 10 + -1. Suppose n = 3*y + 7, 3*n + 13*y - 86 = t*y. Calculate the remainder when n is divided by 10.
2
Calculate the remainder when 249 is divided by 132 + 1 - 1*12.
7
Let c(i) = 30*i + 1581. What is the remainder when c(39) is divided by 51?
48
What is the remainder when (-256)/(-32)*(94/4 - 3) is divided by 134?
30
Calculate the remainder when 209 is divided by (14 - 2)*(-96 + 97).
5
Let m = 14 - -8. Suppose -3*t + 979 = a, -5*t + 1163 = 2*a - 468. Let w = -321 + t. Calculate the remainder when m is divided by w.
4
Let u be (-177)/59 + (-1 - (176 - 0)). What is the remainder when 168 is divided by ((-120)/u)/((-4)/(-114))?
16
Let w = -234 - -369. Let m = 132 + -127. Suppose 0 - 109 = -2*a - 3*o, m*a + o - 240 = 0. Calculate the remainder when w is divided by a.
41
What is the remainder when 5236 is divided by ((-140)/6)/10*18/(-7)?
4
Suppose 0 = -118*n + 164864 + 60162. What is the remainder when n is divided by 12?
11
Let d = 13 + -13. What is the remainder when (0 - 92)/(106/(-159)) is divided by (d - 3)/(-3) - -34?
33
What is the remainder when 6976/32 - (-5 + 0) is divided by 5?
3
Suppose 8 = y + 2*i, 3*y + 1 = -i + 5. Suppose -c - 71 = -y*c. Let g = c + 118. What is the remainder when 139 is divided by g?
45
Let v(r) = 80*r - 246. What is the remainder when 81 is divided by v(4)?
7
Suppose -21*u = 37*u - 439*u + 5334. What is the remainder when 3349 is divided by u?
3
Let p be 20/3*(-6)/(-5). Let m = -6 + p. Suppose 95*n - 7 = 161 + 402. Calculate the remainder when n is divided by m.
0
Let l(m) = 5*m**2 - 17*m + 12. Suppose -8*w = 171 - 1835. Suppose v + 74 = 2*d - 3*v, 4*d + 4*v = w. Calculate the remainder when l(6) is divided by d.
43
Let v = 140 - 176. What is the remainder when v/(-48) + 402/8 is divided by 37?
14
Let g(p) = -p**3 - 5*p**2 - 21*p - 1. Let j = 415 + -419. Calculate the remainder when 126 is divided by g(j).
59
Suppose -674*n + 1920 = -634*n. What is the remainder when 382 is divided by n?
46
Let z(n) = -3*n - 5. Suppose -13*t + 6 = -11*t + d, 2*t + 3*d - 2 = 0. Calculate the remainder when z(-8) is divided by t/(-10) - (-444)/60.
5
Let b = 415 - 403. Suppose 3*v = p - 43, p - 4*v = 4*p - 77. What is the remainder when p is divided by b?
7
Let c(o) = o**2 + 6*o + 1. Let d(l) = 3*l**2 + 59*l + 93. Calculate the remainder when d(-18) is divided by c(-6).
0
Let k = -69 - -98. What is the remainder when 262 is divided by k/(-116) - (-266)/8?
31
Suppose 4*u - 28 = 12. Let c(b) be the first derivative of -b**2/2 + 17*b + 281. What is the remainder when c(u) is divided by 6?
1
Suppose -5*x + 8*x - 1584 = 0. Let u = 798 - x. Suppose 2*d = -4 - 4, 5*r + 5*d - u = 0. What is the remainder when r is divided by 15?
13
Calculate the remainder when 518 is divided by ((-108)/(0 - 2))/(122/61).
5
Let d(i) = -i**3 + i**2 + i - 1. Let u be d(1). Suppose 3*v + 2 + 0 = 4*j, u = 2*v + j - 6. Calculate the remainder when v - (-27 - (-4 + 0)) is divided by 8.
1
S